{"id":1510,"date":"2023-06-13T14:45:22","date_gmt":"2023-06-13T12:45:22","guid":{"rendered":"http:\/\/aquasmart.com.pl\/?page_id=1510"},"modified":"2024-05-25T14:35:48","modified_gmt":"2024-05-25T12:35:48","slug":"elementor-1510","status":"publish","type":"page","link":"http:\/\/aquasmart.com.pl\/?page_id=1510","title":{"rendered":"O Firmie"},"content":{"rendered":"\t\t<div data-elementor-type=\"wp-page\" data-elementor-id=\"1510\" class=\"elementor elementor-1510\">\n\t\t\t\t\t\t\t\t\t<section class=\"elementor-section elementor-top-section elementor-element elementor-element-828ac55 elementor-section-content-middle elementor-section-boxed elementor-section-height-default elementor-section-height-default\" data-id=\"828ac55\" data-element_type=\"section\">\n\t\t\t\t\t\t<div class=\"elementor-container elementor-column-gap-default\">\n\t\t\t\t\t<div class=\"elementor-column elementor-col-100 elementor-top-column elementor-element elementor-element-0ffdb08\" data-id=\"0ffdb08\" data-element_type=\"column\">\n\t\t\t<div class=\"elementor-widget-wrap\">\n\t\t\t\t\t\t\t\t\t<\/div>\n\t\t<\/div>\n\t\t\t\t\t\t\t<\/div>\n\t\t<\/section>\n\t\t\t\t<section class=\"elementor-section elementor-top-section elementor-element elementor-element-e6bc139 elementor-section-boxed elementor-section-height-default elementor-section-height-default\" data-id=\"e6bc139\" data-element_type=\"section\">\n\t\t\t\t\t\t<div class=\"elementor-container elementor-column-gap-default\">\n\t\t\t\t\t<div class=\"elementor-column elementor-col-100 elementor-top-column elementor-element elementor-element-a23f78f\" data-id=\"a23f78f\" data-element_type=\"column\">\n\t\t\t<div class=\"elementor-widget-wrap elementor-element-populated\">\n\t\t\t\t\t\t\t\t<div class=\"elementor-element elementor-element-703d4df elementor-widget elementor-widget-text-editor\" data-id=\"703d4df\" data-element_type=\"widget\" data-widget_type=\"text-editor.default\">\n\t\t\t\t<div class=\"elementor-widget-container\">\n\t\t\t<style>\/*! elementor - v3.6.4 - 13-04-2022 *\/\n.elementor-widget-text-editor.elementor-drop-cap-view-stacked .elementor-drop-cap{background-color:#818a91;color:#fff}.elementor-widget-text-editor.elementor-drop-cap-view-framed .elementor-drop-cap{color:#818a91;border:3px solid;background-color:transparent}.elementor-widget-text-editor:not(.elementor-drop-cap-view-default) .elementor-drop-cap{margin-top:8px}.elementor-widget-text-editor:not(.elementor-drop-cap-view-default) .elementor-drop-cap-letter{width:1em;height:1em}.elementor-widget-text-editor .elementor-drop-cap{float:left;text-align:center;line-height:1;font-size:50px}.elementor-widget-text-editor .elementor-drop-cap-letter{display:inline-block}<\/style>\t\t\t\t<p>Firma\u00a0<strong>Aqua<\/strong><strong>Smart<\/strong><span style=\"font-weight: var( --e-global-typography-text-font-weight );\">\u00a0zosta\u0142a za\u0142o\u017cona w 2014 i skierowa\u0142 swoj\u0105 ofert\u0119 do klient\u00f3w poszukuj\u0105cych profesjonalnych wykonawc\u00f3w zajmuj\u0105cych si\u0119 uzdatnianiem wody oraz zarz\u0105dzaniem jej zasobami. \u00a0Od pocz\u0105tku dzia\u0142alno\u015bci firma rozwija\u0142a si\u0119 bardzo dynamicznie, g\u0142\u00f3wnie dzi\u0119ki wykorzystaniu zaplecza personalnego i technicznego za\u0142o\u017conej pod koniec lat 80\u00a0 sp\u00f3\u0142ki\u00a0<em>Zak\u0142ad In\u017cynierii Wodnej <\/em>, z kt\u00f3r\u0105 by\u0142a powi\u0105zana osobowo. Do\u015bwiadczenie kluczowej kadry w bran\u017cy oraz zarz\u0105dzaniu sp\u00f3\u0142k\u0105 przyczyni\u0142o si\u0119 do sukcesu firmy\u00a0<\/span><strong>Aqua<\/strong><strong>Smart<\/strong><span style=\"font-weight: var( --e-global-typography-text-font-weight );\">. Jej stabilny rozw\u00f3j jest r\u00f3wnie\u017c uwarunkowany sta\u0142ym monitorowaniem rynkowych trend\u00f3w. W odpowiedzi na rosn\u0105ce zapotrzebowanie na urz\u0105dzenia i instalacje, kt\u00f3rych praca optymalizowana jest za pomoc\u0105 cyfrowych rozwi\u0105za\u0144, firma od kilku lat zaanga\u017cowana jest w opracowywanie produkt\u00f3w i us\u0142ug na bazie technologii IoT. \u00a0Wymaga\u0142o to nieznacznej modyfikacji profilu dzia\u0142alno\u015bci oraz zaanga\u017cowania do zespo\u0142u \u00a0specjalist\u00f3w z dziedziny elektroniki i informatyki, kt\u00f3rzy w r\u00f3\u017cnym formacie od kilku lat wsp\u00f3\u0142pracuj\u0105 z kadr\u0105 przedsi\u0119biorstwa. Profesjonalizm oraz nowatorstwo firmy\u00a0<\/span><strong>Aqua<\/strong><strong>Smart<\/strong><span style=\"font-weight: var( --e-global-typography-text-font-weight );\">\u00a0s\u0105 doceniane, dlatego cieszy si\u0119 ona uznaniem klient\u00f3w prywatnych i instytucji publicznych, w tym du\u017cych renomowanych plac\u00f3wek.<\/span><\/p>\t\t\t\t\t\t<\/div>\n\t\t\t\t<\/div>\n\t\t\t\t\t<\/div>\n\t\t<\/div>\n\t\t\t\t\t\t\t<\/div>\n\t\t<\/section>\n\t\t\t\t<section class=\"elementor-section elementor-top-section elementor-element elementor-element-b61a398 elementor-section-boxed elementor-section-height-default elementor-section-height-default\" data-id=\"b61a398\" data-element_type=\"section\">\n\t\t\t\t\t\t<div class=\"elementor-container elementor-column-gap-default\">\n\t\t\t\t\t<div class=\"elementor-column elementor-col-100 elementor-top-column elementor-element elementor-element-585e97a\" data-id=\"585e97a\" data-element_type=\"column\">\n\t\t\t<div class=\"elementor-widget-wrap elementor-element-populated\">\n\t\t\t\t\t\t\t\t<div class=\"elementor-element elementor-element-f63434a elementor-widget elementor-widget-image\" data-id=\"f63434a\" data-element_type=\"widget\" data-widget_type=\"image.default\">\n\t\t\t\t<div class=\"elementor-widget-container\">\n\t\t\t<style>\/*! elementor - v3.6.4 - 13-04-2022 *\/\n.elementor-widget-image{text-align:center}.elementor-widget-image a{display:inline-block}.elementor-widget-image a img[src$=\".svg\"]{width:48px}.elementor-widget-image img{vertical-align:middle;display:inline-block}<\/style>\t\t\t\t\t\t\t\t\t\t\t\t<img loading=\"lazy\" decoding=\"async\" width=\"1000\" height=\"536\" src=\"http:\/\/aquasmart.com.pl\/wp-content\/uploads\/2024\/01\/o-firmie-1.jpg\" class=\"attachment-full size-full\" alt=\"\" srcset=\"http:\/\/aquasmart.com.pl\/wp-content\/uploads\/2024\/01\/o-firmie-1.jpg 1000w, http:\/\/aquasmart.com.pl\/wp-content\/uploads\/2024\/01\/o-firmie-1-300x161.jpg 300w, http:\/\/aquasmart.com.pl\/wp-content\/uploads\/2024\/01\/o-firmie-1-768x412.jpg 768w\" sizes=\"auto, (max-width: 1000px) 100vw, 1000px\" \/>\t\t\t\t\t\t\t\t\t\t\t\t\t\t\t<\/div>\n\t\t\t\t<\/div>\n\t\t\t\t\t<\/div>\n\t\t<\/div>\n\t\t\t\t\t\t\t<\/div>\n\t\t<\/section>\n\t\t\t\t\t\t\t<\/div>\n\t\t","protected":false},"excerpt":{"rendered":"<p>Firma\u00a0AquaSmart\u00a0zosta\u0142a za\u0142o\u017cona w 2014 i skierowa\u0142 swoj\u0105 ofert\u0119 do klient\u00f3w poszukuj\u0105cych profesjonalnych wykonawc\u00f3w zajmuj\u0105cych si\u0119 uzdatnianiem wody oraz zarz\u0105dzaniem jej zasobami. \u00a0Od pocz\u0105tku dzia\u0142alno\u015bci firma&hellip;<\/p>\n","protected":false},"author":1,"featured_media":0,"parent":0,"menu_order":0,"comment_status":"closed","ping_status":"closed","template":"","meta":{"om_disable_all_campaigns":false,"_monsterinsights_skip_tracking":false,"_monsterinsights_sitenote_active":false,"_monsterinsights_sitenote_note":"","_monsterinsights_sitenote_category":0,"_uf_show_specific_survey":0,"_uf_disable_surveys":false,"footnotes":""},"class_list":["post-1510","page","type-page","status-publish","hentry"],"_links":{"self":[{"href":"http:\/\/aquasmart.com.pl\/index.php?rest_route=\/wp\/v2\/pages\/1510","targetHints":{"allow":["GET"]}}],"collection":[{"href":"http:\/\/aquasmart.com.pl\/index.php?rest_route=\/wp\/v2\/pages"}],"about":[{"href":"http:\/\/aquasmart.com.pl\/index.php?rest_route=\/wp\/v2\/types\/page"}],"author":[{"embeddable":true,"href":"http:\/\/aquasmart.com.pl\/index.php?rest_route=\/wp\/v2\/users\/1"}],"replies":[{"embeddable":true,"href":"http:\/\/aquasmart.com.pl\/index.php?rest_route=%2Fwp%2Fv2%2Fcomments&post=1510"}],"version-history":[{"count":57,"href":"http:\/\/aquasmart.com.pl\/index.php?rest_route=\/wp\/v2\/pages\/1510\/revisions"}],"predecessor-version":[{"id":5151,"href":"http:\/\/aquasmart.com.pl\/index.php?rest_route=\/wp\/v2\/pages\/1510\/revisions\/5151"}],"wp:attachment":[{"href":"http:\/\/aquasmart.com.pl\/index.php?rest_route=%2Fwp%2Fv2%2Fmedia&parent=1510"}],"curies":[{"name":"wp","href":"https:\/\/api.w.org\/{rel}","templated":true}]}}