{"id":1813,"date":"2023-06-14T19:32:55","date_gmt":"2023-06-14T17:32:55","guid":{"rendered":"http:\/\/aquasmart.com.pl\/?page_id=1813"},"modified":"2024-06-15T02:02:08","modified_gmt":"2024-06-15T00:02:08","slug":"kontrola-jakosci-wody-duplicate-1465","status":"publish","type":"page","link":"http:\/\/aquasmart.com.pl\/?page_id=1813","title":{"rendered":"Oferta &#8211; Monitoring parametow"},"content":{"rendered":"\t\t<div data-elementor-type=\"wp-page\" data-elementor-id=\"1813\" class=\"elementor elementor-1813\">\n\t\t\t\t\t\t\t\t\t<section class=\"elementor-section elementor-top-section elementor-element elementor-element-d54086d elementor-section-height-min-height elementor-section-boxed elementor-section-height-default elementor-section-items-middle\" data-id=\"d54086d\" data-element_type=\"section\">\n\t\t\t\t\t\t<div class=\"elementor-container elementor-column-gap-default\">\n\t\t\t\t\t<div class=\"elementor-column elementor-col-100 elementor-top-column elementor-element elementor-element-a757d3f\" data-id=\"a757d3f\" data-element_type=\"column\">\n\t\t\t<div class=\"elementor-widget-wrap elementor-element-populated\">\n\t\t\t\t\t\t\t\t<div class=\"elementor-element elementor-element-8896c7b elementor-widget elementor-widget-heading\" data-id=\"8896c7b\" data-element_type=\"widget\" data-widget_type=\"heading.default\">\n\t\t\t\t<div class=\"elementor-widget-container\">\n\t\t\t<style>\/*! elementor - v3.6.4 - 13-04-2022 *\/\n.elementor-heading-title{padding:0;margin:0;line-height:1}.elementor-widget-heading .elementor-heading-title[class*=elementor-size-]>a{color:inherit;font-size:inherit;line-height:inherit}.elementor-widget-heading .elementor-heading-title.elementor-size-small{font-size:15px}.elementor-widget-heading .elementor-heading-title.elementor-size-medium{font-size:19px}.elementor-widget-heading .elementor-heading-title.elementor-size-large{font-size:29px}.elementor-widget-heading .elementor-heading-title.elementor-size-xl{font-size:39px}.elementor-widget-heading .elementor-heading-title.elementor-size-xxl{font-size:59px}<\/style><h2 class=\"elementor-heading-title elementor-size-default\">Kontrola parametr\u00f3w technicznych i jako\u015bciowych<\/h2>\t\t<\/div>\n\t\t\t\t<\/div>\n\t\t\t\t\t<\/div>\n\t\t<\/div>\n\t\t\t\t\t\t\t<\/div>\n\t\t<\/section>\n\t\t\t\t<section class=\"elementor-section elementor-top-section elementor-element elementor-element-2123ef7 elementor-section-boxed elementor-section-height-default elementor-section-height-default\" data-id=\"2123ef7\" data-element_type=\"section\">\n\t\t\t\t\t\t<div class=\"elementor-container elementor-column-gap-default\">\n\t\t\t\t\t<div class=\"elementor-column elementor-col-50 elementor-top-column elementor-element elementor-element-6a93ae1\" data-id=\"6a93ae1\" data-element_type=\"column\">\n\t\t\t<div class=\"elementor-widget-wrap elementor-element-populated\">\n\t\t\t\t\t\t\t\t<div class=\"elementor-element elementor-element-6e4b38d elementor-widget elementor-widget-text-editor\" data-id=\"6e4b38d\" data-element_type=\"widget\" data-widget_type=\"text-editor.default\">\n\t\t\t\t<div class=\"elementor-widget-container\">\n\t\t\t<style>\/*! elementor - v3.6.4 - 13-04-2022 *\/\n.elementor-widget-text-editor.elementor-drop-cap-view-stacked .elementor-drop-cap{background-color:#818a91;color:#fff}.elementor-widget-text-editor.elementor-drop-cap-view-framed .elementor-drop-cap{color:#818a91;border:3px solid;background-color:transparent}.elementor-widget-text-editor:not(.elementor-drop-cap-view-default) .elementor-drop-cap{margin-top:8px}.elementor-widget-text-editor:not(.elementor-drop-cap-view-default) .elementor-drop-cap-letter{width:1em;height:1em}.elementor-widget-text-editor .elementor-drop-cap{float:left;text-align:center;line-height:1;font-size:50px}.elementor-widget-text-editor .elementor-drop-cap-letter{display:inline-block}<\/style>\t\t\t\t<p>Systemy AquaSmart umo\u017cliwiaj\u0105 kontrol\u0119 parametr\u00f3w technicznych i jako\u015bciowych w trybie ci\u0105g\u0142ym. Zastosowane rozwi\u0105zania bazuj\u0105 na technologii IoT.\u00a0 S\u0105 to bardzo zaawansowane uk\u0142ady wykorzystuj\u0105ce najnowsze osi\u0105gniecia w dziedzinie elektroniki i programowania. Instalacje oraz urz\u0105dzenia pomiarowe, elektroniczne, hydrauliczne s\u0105 umieszczone w ergonomicznych szafach funkcyjnych. Zarz\u0105dzanie systemem monitoringu odbywa si\u0119 za pomoc\u0105 aplikacji steruj\u0105cej, kt\u00f3ra jest dostosowana do urz\u0105dze\u0144 mobilnych i komputer\u00f3w.<\/p>\t\t\t\t\t\t<\/div>\n\t\t\t\t<\/div>\n\t\t\t\t\t<\/div>\n\t\t<\/div>\n\t\t\t\t<div class=\"elementor-column elementor-col-50 elementor-top-column elementor-element elementor-element-c1c6914\" data-id=\"c1c6914\" data-element_type=\"column\">\n\t\t\t<div class=\"elementor-widget-wrap elementor-element-populated\">\n\t\t\t\t\t\t\t\t<div class=\"elementor-element elementor-element-726ce74 elementor-widget elementor-widget-image\" data-id=\"726ce74\" data-element_type=\"widget\" data-widget_type=\"image.default\">\n\t\t\t\t<div class=\"elementor-widget-container\">\n\t\t\t<style>\/*! elementor - v3.6.4 - 13-04-2022 *\/\n.elementor-widget-image{text-align:center}.elementor-widget-image a{display:inline-block}.elementor-widget-image a img[src$=\".svg\"]{width:48px}.elementor-widget-image img{vertical-align:middle;display:inline-block}<\/style>\t\t\t\t\t\t\t\t\t\t\t\t<img loading=\"lazy\" decoding=\"async\" width=\"843\" height=\"507\" src=\"http:\/\/aquasmart.com.pl\/wp-content\/uploads\/2024\/01\/metnosc-1024x616.png\" class=\"attachment-large size-large\" alt=\"\" srcset=\"http:\/\/aquasmart.com.pl\/wp-content\/uploads\/2024\/01\/metnosc-1024x616.png 1024w, http:\/\/aquasmart.com.pl\/wp-content\/uploads\/2024\/01\/metnosc-300x180.png 300w, http:\/\/aquasmart.com.pl\/wp-content\/uploads\/2024\/01\/metnosc-768x462.png 768w, http:\/\/aquasmart.com.pl\/wp-content\/uploads\/2024\/01\/metnosc.png 1192w\" sizes=\"auto, (max-width: 843px) 100vw, 843px\" \/>\t\t\t\t\t\t\t\t\t\t\t\t\t\t\t<\/div>\n\t\t\t\t<\/div>\n\t\t\t\t\t<\/div>\n\t\t<\/div>\n\t\t\t\t\t\t\t<\/div>\n\t\t<\/section>\n\t\t\t\t<section class=\"elementor-section elementor-top-section elementor-element elementor-element-984a6b4 elementor-section-boxed elementor-section-height-default elementor-section-height-default\" data-id=\"984a6b4\" data-element_type=\"section\">\n\t\t\t\t\t\t<div class=\"elementor-container elementor-column-gap-default\">\n\t\t\t\t\t<div class=\"elementor-column elementor-col-50 elementor-top-column elementor-element elementor-element-ca973c0\" data-id=\"ca973c0\" data-element_type=\"column\">\n\t\t\t<div class=\"elementor-widget-wrap elementor-element-populated\">\n\t\t\t\t\t\t\t\t<div class=\"elementor-element elementor-element-188466d elementor-widget elementor-widget-image\" data-id=\"188466d\" data-element_type=\"widget\" data-widget_type=\"image.default\">\n\t\t\t\t<div class=\"elementor-widget-container\">\n\t\t\t\t\t\t\t\t\t\t\t\t\t\t\t<img loading=\"lazy\" decoding=\"async\" width=\"843\" height=\"480\" src=\"http:\/\/aquasmart.com.pl\/wp-content\/uploads\/2024\/01\/poziom-wody-1024x583.png\" class=\"attachment-large size-large\" alt=\"\" srcset=\"http:\/\/aquasmart.com.pl\/wp-content\/uploads\/2024\/01\/poziom-wody-1024x583.png 1024w, http:\/\/aquasmart.com.pl\/wp-content\/uploads\/2024\/01\/poziom-wody-300x171.png 300w, http:\/\/aquasmart.com.pl\/wp-content\/uploads\/2024\/01\/poziom-wody-768x437.png 768w, http:\/\/aquasmart.com.pl\/wp-content\/uploads\/2024\/01\/poziom-wody.png 1302w\" sizes=\"auto, (max-width: 843px) 100vw, 843px\" \/>\t\t\t\t\t\t\t\t\t\t\t\t\t\t\t<\/div>\n\t\t\t\t<\/div>\n\t\t\t\t\t<\/div>\n\t\t<\/div>\n\t\t\t\t<div class=\"elementor-column elementor-col-50 elementor-top-column elementor-element elementor-element-95ebcbd\" data-id=\"95ebcbd\" data-element_type=\"column\">\n\t\t\t<div class=\"elementor-widget-wrap elementor-element-populated\">\n\t\t\t\t\t\t\t\t<div class=\"elementor-element elementor-element-59c3401 elementor-widget elementor-widget-text-editor\" data-id=\"59c3401\" data-element_type=\"widget\" data-widget_type=\"text-editor.default\">\n\t\t\t\t<div class=\"elementor-widget-container\">\n\t\t\t\t\t\t\t<p>W sekcjach informacyjnych aplikacji steruj\u0105cej zebrane dane s\u0105 archiwizowane oraz prezentowane na grafikach i wykresach\u00a0 w r\u00f3\u017cnych interwa\u0142ach czasowych: dobowym, miesi\u0119cznym, rocznym.\u00a0 Dob\u00f3r parametr\u00f3w jako\u015bciowych podlegaj\u0105cych kontroli w trybie ci\u0105g\u0142ym jest uzale\u017cniony od charakterystyki wody \u017ar\u00f3d\u0142owej. Najcz\u0119\u015bciej monitorowane parametry jako\u015bciowe wody to m\u0119tno\u015b\u0107, poziom tlenu rozpuszczonego, ph, zasolenie. Kontrolowane s\u0105 r\u00f3wnie\u017c parametry techniczne g\u0142\u00f3wnie: ci\u015bnienie, przep\u0142ywy, poziom wody w zbiornikach, temperatura wody w instalacjach i zbiornikach, a w przypadku system\u00f3w irygacyjnych temperatura i wilgotno\u015b\u0107 gleby.<\/p>\t\t\t\t\t\t<\/div>\n\t\t\t\t<\/div>\n\t\t\t\t\t<\/div>\n\t\t<\/div>\n\t\t\t\t\t\t\t<\/div>\n\t\t<\/section>\n\t\t\t\t<section class=\"elementor-section elementor-top-section elementor-element elementor-element-5cbaa13 elementor-section-boxed elementor-section-height-default elementor-section-height-default\" data-id=\"5cbaa13\" data-element_type=\"section\">\n\t\t\t\t\t\t<div class=\"elementor-container elementor-column-gap-default\">\n\t\t\t\t\t<div class=\"elementor-column elementor-col-50 elementor-top-column elementor-element elementor-element-e711409\" data-id=\"e711409\" data-element_type=\"column\">\n\t\t\t<div class=\"elementor-widget-wrap elementor-element-populated\">\n\t\t\t\t\t\t\t\t<div class=\"elementor-element elementor-element-8563628 elementor-widget elementor-widget-text-editor\" data-id=\"8563628\" data-element_type=\"widget\" data-widget_type=\"text-editor.default\">\n\t\t\t\t<div class=\"elementor-widget-container\">\n\t\t\t\t\t\t\t<p>System monitorowania parametr\u00f3w mo\u017ce by\u0107 skonfigurowany w dowolny spos\u00f3b. Ilo\u015b\u0107 badanych parametr\u00f3w mo\u017ce by\u0107 ograniczona do tych, kt\u00f3re s\u0105 konieczne z uwagi na wymogi technologiczne systemu. Mo\u017cna r\u00f3wnie\u017c poszerzy\u0107 ich zakres o bardziej nietypowe parametry, kt\u00f3re s\u0105 wymagane przez u\u017cytkownika lub zalecane w przypadku okre\u015blonych lokalizacji.<\/p>\t\t\t\t\t\t<\/div>\n\t\t\t\t<\/div>\n\t\t\t\t\t<\/div>\n\t\t<\/div>\n\t\t\t\t<div class=\"elementor-column elementor-col-50 elementor-top-column elementor-element elementor-element-d5ad1d3\" data-id=\"d5ad1d3\" data-element_type=\"column\">\n\t\t\t<div class=\"elementor-widget-wrap elementor-element-populated\">\n\t\t\t\t\t\t\t\t<div class=\"elementor-element elementor-element-24beb09 elementor-widget elementor-widget-image\" data-id=\"24beb09\" data-element_type=\"widget\" data-widget_type=\"image.default\">\n\t\t\t\t<div class=\"elementor-widget-container\">\n\t\t\t\t\t\t\t\t\t\t\t\t\t\t\t<img loading=\"lazy\" decoding=\"async\" width=\"843\" height=\"496\" src=\"http:\/\/aquasmart.com.pl\/wp-content\/uploads\/2024\/01\/parametry-tech-1024x602.png\" class=\"attachment-large size-large\" alt=\"\" srcset=\"http:\/\/aquasmart.com.pl\/wp-content\/uploads\/2024\/01\/parametry-tech-1024x602.png 1024w, http:\/\/aquasmart.com.pl\/wp-content\/uploads\/2024\/01\/parametry-tech-300x176.png 300w, http:\/\/aquasmart.com.pl\/wp-content\/uploads\/2024\/01\/parametry-tech-768x452.png 768w, http:\/\/aquasmart.com.pl\/wp-content\/uploads\/2024\/01\/parametry-tech.png 1275w\" sizes=\"auto, (max-width: 843px) 100vw, 843px\" \/>\t\t\t\t\t\t\t\t\t\t\t\t\t\t\t<\/div>\n\t\t\t\t<\/div>\n\t\t\t\t\t<\/div>\n\t\t<\/div>\n\t\t\t\t\t\t\t<\/div>\n\t\t<\/section>\n\t\t\t\t\t\t\t<\/div>\n\t\t","protected":false},"excerpt":{"rendered":"<p>Kontrola parametr\u00f3w technicznych i jako\u015bciowych Systemy AquaSmart umo\u017cliwiaj\u0105 kontrol\u0119 parametr\u00f3w technicznych i jako\u015bciowych w trybie ci\u0105g\u0142ym. Zastosowane rozwi\u0105zania bazuj\u0105 na technologii IoT.\u00a0 S\u0105 to bardzo&hellip;<\/p>\n","protected":false},"author":1,"featured_media":0,"parent":0,"menu_order":0,"comment_status":"closed","ping_status":"closed","template":"","meta":{"om_disable_all_campaigns":false,"_monsterinsights_skip_tracking":false,"_monsterinsights_sitenote_active":false,"_monsterinsights_sitenote_note":"","_monsterinsights_sitenote_category":0,"_uf_show_specific_survey":0,"_uf_disable_surveys":false,"footnotes":""},"class_list":["post-1813","page","type-page","status-publish","hentry"],"_links":{"self":[{"href":"http:\/\/aquasmart.com.pl\/index.php?rest_route=\/wp\/v2\/pages\/1813","targetHints":{"allow":["GET"]}}],"collection":[{"href":"http:\/\/aquasmart.com.pl\/index.php?rest_route=\/wp\/v2\/pages"}],"about":[{"href":"http:\/\/aquasmart.com.pl\/index.php?rest_route=\/wp\/v2\/types\/page"}],"author":[{"embeddable":true,"href":"http:\/\/aquasmart.com.pl\/index.php?rest_route=\/wp\/v2\/users\/1"}],"replies":[{"embeddable":true,"href":"http:\/\/aquasmart.com.pl\/index.php?rest_route=%2Fwp%2Fv2%2Fcomments&post=1813"}],"version-history":[{"count":99,"href":"http:\/\/aquasmart.com.pl\/index.php?rest_route=\/wp\/v2\/pages\/1813\/revisions"}],"predecessor-version":[{"id":5195,"href":"http:\/\/aquasmart.com.pl\/index.php?rest_route=\/wp\/v2\/pages\/1813\/revisions\/5195"}],"wp:attachment":[{"href":"http:\/\/aquasmart.com.pl\/index.php?rest_route=%2Fwp%2Fv2%2Fmedia&parent=1813"}],"curies":[{"name":"wp","href":"https:\/\/api.w.org\/{rel}","templated":true}]}}