{"id":3535,"date":"2024-01-10T18:17:45","date_gmt":"2024-01-10T17:17:45","guid":{"rendered":"http:\/\/aquasmart.com.pl\/?page_id=3535"},"modified":"2024-05-25T14:17:59","modified_gmt":"2024-05-25T12:17:59","slug":"elementor-3535","status":"publish","type":"page","link":"http:\/\/aquasmart.com.pl\/?page_id=3535","title":{"rendered":"Fundusze Europejskie"},"content":{"rendered":"\t\t<div data-elementor-type=\"wp-page\" data-elementor-id=\"3535\" class=\"elementor elementor-3535\">\n\t\t\t\t\t\t\t\t\t<section class=\"elementor-section elementor-top-section elementor-element elementor-element-eab19b8 elementor-section-content-middle elementor-section-boxed elementor-section-height-default elementor-section-height-default\" data-id=\"eab19b8\" data-element_type=\"section\">\n\t\t\t\t\t\t<div class=\"elementor-container elementor-column-gap-default\">\n\t\t\t\t\t<div class=\"elementor-column elementor-col-50 elementor-top-column elementor-element elementor-element-613c5ce\" data-id=\"613c5ce\" data-element_type=\"column\">\n\t\t\t<div class=\"elementor-widget-wrap elementor-element-populated\">\n\t\t\t\t\t\t\t\t<div class=\"elementor-element elementor-element-5be43fa elementor-widget elementor-widget-heading\" data-id=\"5be43fa\" data-element_type=\"widget\" data-widget_type=\"heading.default\">\n\t\t\t\t<div class=\"elementor-widget-container\">\n\t\t\t<style>\/*! elementor - v3.6.4 - 13-04-2022 *\/\n.elementor-heading-title{padding:0;margin:0;line-height:1}.elementor-widget-heading .elementor-heading-title[class*=elementor-size-]>a{color:inherit;font-size:inherit;line-height:inherit}.elementor-widget-heading .elementor-heading-title.elementor-size-small{font-size:15px}.elementor-widget-heading .elementor-heading-title.elementor-size-medium{font-size:19px}.elementor-widget-heading .elementor-heading-title.elementor-size-large{font-size:29px}.elementor-widget-heading .elementor-heading-title.elementor-size-xl{font-size:39px}.elementor-widget-heading .elementor-heading-title.elementor-size-xxl{font-size:59px}<\/style><h2 class=\"elementor-heading-title elementor-size-large\"><br>Fundusze Europejskie<b> <\/b><\/h2>\t\t<\/div>\n\t\t\t\t<\/div>\n\t\t\t\t\t<\/div>\n\t\t<\/div>\n\t\t\t\t<div class=\"elementor-column elementor-col-50 elementor-top-column elementor-element elementor-element-da721bc\" data-id=\"da721bc\" data-element_type=\"column\">\n\t\t\t<div class=\"elementor-widget-wrap elementor-element-populated\">\n\t\t\t\t\t\t\t\t<div class=\"elementor-element elementor-element-86d0180 elementor-widget elementor-widget-image\" data-id=\"86d0180\" data-element_type=\"widget\" data-widget_type=\"image.default\">\n\t\t\t\t<div class=\"elementor-widget-container\">\n\t\t\t<style>\/*! elementor - v3.6.4 - 13-04-2022 *\/\n.elementor-widget-image{text-align:center}.elementor-widget-image a{display:inline-block}.elementor-widget-image a img[src$=\".svg\"]{width:48px}.elementor-widget-image img{vertical-align:middle;display:inline-block}<\/style>\t\t\t\t\t\t\t\t\t\t\t\t<img loading=\"lazy\" decoding=\"async\" width=\"768\" height=\"509\" src=\"http:\/\/aquasmart.com.pl\/wp-content\/uploads\/2024\/01\/eu-funds-768x509.jpg\" class=\"attachment-medium_large size-medium_large\" alt=\"\" srcset=\"http:\/\/aquasmart.com.pl\/wp-content\/uploads\/2024\/01\/eu-funds-768x509.jpg 768w, http:\/\/aquasmart.com.pl\/wp-content\/uploads\/2024\/01\/eu-funds-300x199.jpg 300w, http:\/\/aquasmart.com.pl\/wp-content\/uploads\/2024\/01\/eu-funds-1024x678.jpg 1024w, http:\/\/aquasmart.com.pl\/wp-content\/uploads\/2024\/01\/eu-funds-1536x1018.jpg 1536w, http:\/\/aquasmart.com.pl\/wp-content\/uploads\/2024\/01\/eu-funds-2048x1357.jpg 2048w\" sizes=\"auto, (max-width: 768px) 100vw, 768px\" \/>\t\t\t\t\t\t\t\t\t\t\t\t\t\t\t<\/div>\n\t\t\t\t<\/div>\n\t\t\t\t\t<\/div>\n\t\t<\/div>\n\t\t\t\t\t\t\t<\/div>\n\t\t<\/section>\n\t\t\t\t<section class=\"elementor-section elementor-top-section elementor-element elementor-element-15c5b59 elementor-section-boxed elementor-section-height-default elementor-section-height-default\" data-id=\"15c5b59\" data-element_type=\"section\">\n\t\t\t\t\t\t<div class=\"elementor-container elementor-column-gap-default\">\n\t\t\t\t\t<div class=\"elementor-column elementor-col-100 elementor-top-column elementor-element elementor-element-4f55e20\" data-id=\"4f55e20\" data-element_type=\"column\">\n\t\t\t<div class=\"elementor-widget-wrap elementor-element-populated\">\n\t\t\t\t\t\t\t\t<div class=\"elementor-element elementor-element-cabe072 elementor-widget elementor-widget-heading\" data-id=\"cabe072\" data-element_type=\"widget\" data-widget_type=\"heading.default\">\n\t\t\t\t<div class=\"elementor-widget-container\">\n\t\t\t<h2 class=\"elementor-heading-title elementor-size-default\">Technologie domowej retencji <\/h2>\t\t<\/div>\n\t\t\t\t<\/div>\n\t\t\t\t\t<\/div>\n\t\t<\/div>\n\t\t\t\t\t\t\t<\/div>\n\t\t<\/section>\n\t\t\t\t<section class=\"elementor-section elementor-top-section elementor-element elementor-element-4fcf2bd elementor-section-boxed elementor-section-height-default elementor-section-height-default\" data-id=\"4fcf2bd\" data-element_type=\"section\">\n\t\t\t\t\t\t<div class=\"elementor-container elementor-column-gap-default\">\n\t\t\t\t\t<div class=\"elementor-column elementor-col-100 elementor-top-column elementor-element elementor-element-b6be035\" data-id=\"b6be035\" data-element_type=\"column\">\n\t\t\t<div class=\"elementor-widget-wrap elementor-element-populated\">\n\t\t\t\t\t\t\t\t<div class=\"elementor-element elementor-element-999e68c elementor-widget elementor-widget-text-editor\" data-id=\"999e68c\" data-element_type=\"widget\" data-widget_type=\"text-editor.default\">\n\t\t\t\t<div class=\"elementor-widget-container\">\n\t\t\t<style>\/*! elementor - v3.6.4 - 13-04-2022 *\/\n.elementor-widget-text-editor.elementor-drop-cap-view-stacked .elementor-drop-cap{background-color:#818a91;color:#fff}.elementor-widget-text-editor.elementor-drop-cap-view-framed .elementor-drop-cap{color:#818a91;border:3px solid;background-color:transparent}.elementor-widget-text-editor:not(.elementor-drop-cap-view-default) .elementor-drop-cap{margin-top:8px}.elementor-widget-text-editor:not(.elementor-drop-cap-view-default) .elementor-drop-cap-letter{width:1em;height:1em}.elementor-widget-text-editor .elementor-drop-cap{float:left;text-align:center;line-height:1;font-size:50px}.elementor-widget-text-editor .elementor-drop-cap-letter{display:inline-block}<\/style>\t\t\t\t<p>Firma AquaSmart uczestniczy\u0142a w projekcie &#8221; Technologie domowej retencji&#8221;, kt\u00f3ry by\u0142 prowadzony przez Narodowe Centrum Bada\u0144 i Rozwoju w latach 2021-2023. Wyb\u00f3r wykonawc\u00f3w oparty by\u0142 na innowacyjnej formule zam\u00f3wie\u0144 przedkomercyjnych, kt\u00f3ra zak\u0142ada\u0142a wysoki poziom wsp\u00f3\u0142zawodnictwa na r\u00f3\u017cnych etapach przedsi\u0119wzi\u0119cia. W pierwszym etapie zespo\u0142y projektowe opracowywa\u0142y prototyp systemu w skali rzeczywistej 1:1, kt\u00f3ry by\u0142 poddany surowmy kryteriom ewaluacyjnym podczas oceny przez Panel Ekspert\u00f3w. Sysemy AquaSmart sprosta\u0142y wysokim wymaganiom konkursowym i zosta\u0142y zakwalifikowane do etpau II,\u00a0 w ramach kt\u00f3rego powsta\u0142y pe\u0142noskalowe demonstratory.\u00a0<\/p><p>Projekt by\u0142 w 100% dofinansowany z Funduszy Eruopejskich w ramach alokacji przznaczonej na projekty realizowane zgodnie z za\u0142o\u017ceniami Zielonego \u0141adu. Warto\u015b\u0107 etapu pierwszego wynios\u0142a 1 645 797,00 PLN , etapu drugiego\u00a0 1 847 974,98 PLN.\u00a0<\/p>\t\t\t\t\t\t<\/div>\n\t\t\t\t<\/div>\n\t\t\t\t\t<\/div>\n\t\t<\/div>\n\t\t\t\t\t\t\t<\/div>\n\t\t<\/section>\n\t\t\t\t<section class=\"elementor-section elementor-top-section elementor-element elementor-element-520404a elementor-section-boxed elementor-section-height-default elementor-section-height-default\" data-id=\"520404a\" data-element_type=\"section\">\n\t\t\t\t\t\t<div class=\"elementor-container elementor-column-gap-default\">\n\t\t\t\t\t<div class=\"elementor-column elementor-col-100 elementor-top-column elementor-element elementor-element-b405887\" data-id=\"b405887\" data-element_type=\"column\">\n\t\t\t<div class=\"elementor-widget-wrap elementor-element-populated\">\n\t\t\t\t\t\t\t\t<div class=\"elementor-element elementor-element-cfd4fc7 elementor-widget elementor-widget-image\" data-id=\"cfd4fc7\" data-element_type=\"widget\" data-widget_type=\"image.default\">\n\t\t\t\t<div class=\"elementor-widget-container\">\n\t\t\t\t\t\t\t\t\t\t\t\t\t\t\t<img loading=\"lazy\" decoding=\"async\" width=\"1087\" height=\"300\" src=\"http:\/\/aquasmart.com.pl\/wp-content\/uploads\/2024\/01\/Technologie-domowej-retencji.png\" class=\"attachment-1536x1536 size-1536x1536\" alt=\"\" srcset=\"http:\/\/aquasmart.com.pl\/wp-content\/uploads\/2024\/01\/Technologie-domowej-retencji.png 1087w, http:\/\/aquasmart.com.pl\/wp-content\/uploads\/2024\/01\/Technologie-domowej-retencji-300x83.png 300w, http:\/\/aquasmart.com.pl\/wp-content\/uploads\/2024\/01\/Technologie-domowej-retencji-1024x283.png 1024w, http:\/\/aquasmart.com.pl\/wp-content\/uploads\/2024\/01\/Technologie-domowej-retencji-768x212.png 768w\" sizes=\"auto, (max-width: 1087px) 100vw, 1087px\" \/>\t\t\t\t\t\t\t\t\t\t\t\t\t\t\t<\/div>\n\t\t\t\t<\/div>\n\t\t\t\t\t<\/div>\n\t\t<\/div>\n\t\t\t\t\t\t\t<\/div>\n\t\t<\/section>\n\t\t\t\t<section class=\"elementor-section elementor-top-section elementor-element elementor-element-bf31fb7 elementor-section-boxed elementor-section-height-default elementor-section-height-default\" data-id=\"bf31fb7\" data-element_type=\"section\">\n\t\t\t\t\t\t<div class=\"elementor-container elementor-column-gap-default\">\n\t\t\t\t\t<div class=\"elementor-column elementor-col-50 elementor-top-column elementor-element elementor-element-0cbe650\" data-id=\"0cbe650\" data-element_type=\"column\">\n\t\t\t<div class=\"elementor-widget-wrap\">\n\t\t\t\t\t\t\t\t\t<\/div>\n\t\t<\/div>\n\t\t\t\t<div class=\"elementor-column elementor-col-50 elementor-top-column elementor-element elementor-element-6db20fe\" data-id=\"6db20fe\" data-element_type=\"column\">\n\t\t\t<div class=\"elementor-widget-wrap\">\n\t\t\t\t\t\t\t\t\t<\/div>\n\t\t<\/div>\n\t\t\t\t\t\t\t<\/div>\n\t\t<\/section>\n\t\t\t\t\t\t\t<\/div>\n\t\t","protected":false},"excerpt":{"rendered":"<p>Fundusze Europejskie Technologie domowej retencji Firma AquaSmart uczestniczy\u0142a w projekcie &#8221; Technologie domowej retencji&#8221;, kt\u00f3ry by\u0142 prowadzony przez Narodowe Centrum Bada\u0144 i Rozwoju w latach&hellip;<\/p>\n","protected":false},"author":1,"featured_media":0,"parent":0,"menu_order":0,"comment_status":"closed","ping_status":"closed","template":"","meta":{"om_disable_all_campaigns":false,"_monsterinsights_skip_tracking":false,"_monsterinsights_sitenote_active":false,"_monsterinsights_sitenote_note":"","_monsterinsights_sitenote_category":0,"_uf_show_specific_survey":0,"_uf_disable_surveys":false,"footnotes":""},"class_list":["post-3535","page","type-page","status-publish","hentry"],"_links":{"self":[{"href":"http:\/\/aquasmart.com.pl\/index.php?rest_route=\/wp\/v2\/pages\/3535","targetHints":{"allow":["GET"]}}],"collection":[{"href":"http:\/\/aquasmart.com.pl\/index.php?rest_route=\/wp\/v2\/pages"}],"about":[{"href":"http:\/\/aquasmart.com.pl\/index.php?rest_route=\/wp\/v2\/types\/page"}],"author":[{"embeddable":true,"href":"http:\/\/aquasmart.com.pl\/index.php?rest_route=\/wp\/v2\/users\/1"}],"replies":[{"embeddable":true,"href":"http:\/\/aquasmart.com.pl\/index.php?rest_route=%2Fwp%2Fv2%2Fcomments&post=3535"}],"version-history":[{"count":14,"href":"http:\/\/aquasmart.com.pl\/index.php?rest_route=\/wp\/v2\/pages\/3535\/revisions"}],"predecessor-version":[{"id":5124,"href":"http:\/\/aquasmart.com.pl\/index.php?rest_route=\/wp\/v2\/pages\/3535\/revisions\/5124"}],"wp:attachment":[{"href":"http:\/\/aquasmart.com.pl\/index.php?rest_route=%2Fwp%2Fv2%2Fmedia&parent=3535"}],"curies":[{"name":"wp","href":"https:\/\/api.w.org\/{rel}","templated":true}]}}