{"id":4541,"date":"2024-04-17T08:51:16","date_gmt":"2024-04-17T06:51:16","guid":{"rendered":"http:\/\/aquasmart.com.pl\/?page_id=4541"},"modified":"2024-10-27T15:36:04","modified_gmt":"2024-10-27T14:36:04","slug":"oferta_filtracja_ro","status":"publish","type":"page","link":"http:\/\/aquasmart.com.pl\/?page_id=4541","title":{"rendered":"Oferta_stacje_deszczowe_IOT"},"content":{"rendered":"\t\t<div data-elementor-type=\"wp-page\" data-elementor-id=\"4541\" class=\"elementor elementor-4541\">\n\t\t\t\t\t\t\t\t\t<section class=\"elementor-section elementor-top-section elementor-element elementor-element-996ce4a elementor-section-boxed elementor-section-height-default elementor-section-height-default\" data-id=\"996ce4a\" data-element_type=\"section\">\n\t\t\t\t\t\t<div class=\"elementor-container elementor-column-gap-default\">\n\t\t\t\t\t<div class=\"elementor-column elementor-col-100 elementor-top-column elementor-element elementor-element-c938b2f\" data-id=\"c938b2f\" data-element_type=\"column\">\n\t\t\t<div class=\"elementor-widget-wrap elementor-element-populated\">\n\t\t\t\t\t\t\t\t<div class=\"elementor-element elementor-element-0168baf elementor-widget elementor-widget-heading\" data-id=\"0168baf\" data-element_type=\"widget\" data-widget_type=\"heading.default\">\n\t\t\t\t<div class=\"elementor-widget-container\">\n\t\t\t<style>\/*! elementor - v3.6.4 - 13-04-2022 *\/\n.elementor-heading-title{padding:0;margin:0;line-height:1}.elementor-widget-heading .elementor-heading-title[class*=elementor-size-]>a{color:inherit;font-size:inherit;line-height:inherit}.elementor-widget-heading .elementor-heading-title.elementor-size-small{font-size:15px}.elementor-widget-heading .elementor-heading-title.elementor-size-medium{font-size:19px}.elementor-widget-heading .elementor-heading-title.elementor-size-large{font-size:29px}.elementor-widget-heading .elementor-heading-title.elementor-size-xl{font-size:39px}.elementor-widget-heading .elementor-heading-title.elementor-size-xxl{font-size:59px}<\/style><h2 class=\"elementor-heading-title elementor-size-default\">Stacje deszczowe IOT<\/h2>\t\t<\/div>\n\t\t\t\t<\/div>\n\t\t\t\t\t<\/div>\n\t\t<\/div>\n\t\t\t\t\t\t\t<\/div>\n\t\t<\/section>\n\t\t\t\t<section class=\"elementor-section elementor-top-section elementor-element elementor-element-558fe33 elementor-section-boxed elementor-section-height-default elementor-section-height-default\" data-id=\"558fe33\" data-element_type=\"section\">\n\t\t\t\t\t\t<div class=\"elementor-container elementor-column-gap-default\">\n\t\t\t\t\t<div class=\"elementor-column elementor-col-100 elementor-top-column elementor-element elementor-element-7e22432\" data-id=\"7e22432\" data-element_type=\"column\">\n\t\t\t<div class=\"elementor-widget-wrap elementor-element-populated\">\n\t\t\t\t\t\t\t\t<div class=\"elementor-element elementor-element-1d9fbb8 elementor-widget elementor-widget-text-editor\" data-id=\"1d9fbb8\" data-element_type=\"widget\" data-widget_type=\"text-editor.default\">\n\t\t\t\t<div class=\"elementor-widget-container\">\n\t\t\t<style>\/*! elementor - v3.6.4 - 13-04-2022 *\/\n.elementor-widget-text-editor.elementor-drop-cap-view-stacked .elementor-drop-cap{background-color:#818a91;color:#fff}.elementor-widget-text-editor.elementor-drop-cap-view-framed .elementor-drop-cap{color:#818a91;border:3px solid;background-color:transparent}.elementor-widget-text-editor:not(.elementor-drop-cap-view-default) .elementor-drop-cap{margin-top:8px}.elementor-widget-text-editor:not(.elementor-drop-cap-view-default) .elementor-drop-cap-letter{width:1em;height:1em}.elementor-widget-text-editor .elementor-drop-cap{float:left;text-align:center;line-height:1;font-size:50px}.elementor-widget-text-editor .elementor-drop-cap-letter{display:inline-block}<\/style>\t\t\t\t<p>Stacje deszczowe IoT to zaawansowane technologicznie urz\u0105dzenia, kt\u00f3re umo\u017cliwiaj\u0105 efektywne zarz\u0105dzanie wod\u0105 deszczow\u0105 poprzez jej uzdatnianie i dystrybucj\u0119 do r\u00f3\u017cnych zastosowa\u0144 domowych i ogrodowych. Dzi\u0119ki zastosowaniu cyfrowych czujnik\u00f3w dzia\u0142aj\u0105cych w technologii IoT oraz zaawansowanych system\u00f3w filtracji, stacje automatyzuj\u0105 procesy takie jak nawadnianie, nape\u0142nianie zbiornik\u00f3w, czy wyr\u00f3wnywanie ci\u015bnienia. Systemy te s\u0105 przyjazne dla \u015brodowiska, redukuj\u0105 zu\u017cycie wody wodoci\u0105gowej i chroni\u0105 instalacje przed zakamienianiem, zapewniaj\u0105c jednocze\u015bnie wysok\u0105 jako\u015b\u0107 wody. Stacje dzia\u0142aj\u0105 w pe\u0142ni autonomicznie, monitoruj\u0105c kluczowe parametry, takie jak warunki atmosferyczne, wilgotno\u015b\u0107 gleby oraz poziom wody, co minimalizuje konieczno\u015b\u0107 ingerencji u\u017cytkownika.<\/p><p><span style=\"color: var( --e-global-color-text ); font-family: var( --e-global-typography-text-font-family ), Sans-serif; font-weight: var( --e-global-typography-text-font-weight );\">Systemy te posiadaj\u0105 r\u00f3wnie\u017c mechanizmy wyr\u00f3wnywania ci\u015bnienia, co pozwala na sprawne i niezawodne dzia\u0142anie instalacji zar\u00f3wno w budynkach, jak i w ogrodach. Sta\u0142e i odpowiednie ci\u015bnienie w systemie to kluczowy aspekt, kt\u00f3ry eliminuje problemy z niestabilnym przep\u0142ywem, kt\u00f3ry jest kolejnym cz\u0119sto powtarzanym argumentem przeciwnik\u00f3w zastosowania wody deszczowej w codziennym u\u017cytku.<\/span><\/p><p>Dodatkowo, wszystkie stacje deszczowe s\u0105 zgodne z norm\u0105 PNEN1717 poniewa\u017c wyposa\u017cono je w mechanizm air-gap, kt\u00f3ry skutecznie chroni instalacj\u0119 przed przep\u0142ywami wstecznymi. System ten tworzy fizyczn\u0105 przerw\u0119 mi\u0119dzy wod\u0105 deszczow\u0105 a sieci\u0105 wodoci\u0105gow\u0105, co zapobiega cofni\u0119ciu si\u0119 wody do instalacji w sytuacjach awaryjnych.<\/p><p>Automatyzacja proces\u00f3w jest kolejn\u0105 istotn\u0105 cech\u0105 tych system\u00f3w. W ka\u017cdej stacji zamontowane s\u0105 cyfrowe czujniki dzia\u0142aj\u0105ce w technologii IoT, co pozwala na zautomatyzowanie proces\u00f3w zarz\u0105dzania wod\u0105, takich jak nawadnianie, nape\u0142nianie zbiornik\u00f3w czy wyr\u00f3wnywanie ci\u015bnienia. Niekt\u00f3re modele s\u0105 wyposa\u017cone w funkcje automatycznego p\u0142ukania membran i urz\u0105dze\u0144 uzdatniaj\u0105cych, co zapewnia ich d\u0142u\u017csz\u0105 \u017cywotno\u015b\u0107, wydajno\u015b\u0107 oraz optymalizacj\u0119 dzia\u0142ania stacji, redukuj\u0105c czas i koszty zwi\u0105zane z serwisowaniem urz\u0105dze\u0144.<\/p><p>Wszystkie modele stacji deszczowych IoT posiadaj\u0105 funkcjonaln\u0105 aplikacj\u0119, kt\u00f3ra umo\u017cliwia u\u017cytkownikowi monitorowanie kluczowych parametr\u00f3w, takich jak poziom wody w zbiorniku, ci\u015bnienie czy przep\u0142yw wody, oraz dostosowanie niekt\u00f3rych proces\u00f3w do w\u0142asnych preferencji. U\u017cytkownik ma kontrol\u0119 nad dzia\u0142aniem systemu, z mo\u017cliwo\u015bci\u0105 personalizacji wielu funkcji.<\/p><p>Wi\u0119kszo\u015b\u0107 modeli posiada r\u00f3wnie\u017c rozbudowan\u0105 sekcj\u0119 ogrodow\u0105 w aplikacji, kt\u00f3ra umo\u017cliwia tworzenie indywidualnych harmonogram\u00f3w podlewania oraz \u015bledzenie prognoz pogodowych. Dzi\u0119ki temu stacje deszczowe automatycznie dostosowuj\u0105 nawadnianie do warunk\u00f3w atmosferycznych, co pozwala na jeszcze efektywniejsze zarz\u0105dzanie wod\u0105 deszczow\u0105 i minimalizacj\u0119 jej zu\u017cycia.<\/p>\t\t\t\t\t\t<\/div>\n\t\t\t\t<\/div>\n\t\t\t\t\t<\/div>\n\t\t<\/div>\n\t\t\t\t\t\t\t<\/div>\n\t\t<\/section>\n\t\t\t\t<section class=\"elementor-section elementor-top-section elementor-element elementor-element-8bf8dfd elementor-section-boxed elementor-section-height-default elementor-section-height-default\" data-id=\"8bf8dfd\" data-element_type=\"section\">\n\t\t\t\t\t\t<div class=\"elementor-container elementor-column-gap-default\">\n\t\t\t\t\t<div class=\"elementor-column elementor-col-33 elementor-top-column elementor-element elementor-element-f7c8ba5\" data-id=\"f7c8ba5\" data-element_type=\"column\">\n\t\t\t<div class=\"elementor-widget-wrap elementor-element-populated\">\n\t\t\t\t\t\t\t\t<div class=\"elementor-element elementor-element-723e340 elementor-widget elementor-widget-image\" data-id=\"723e340\" data-element_type=\"widget\" data-widget_type=\"image.default\">\n\t\t\t\t<div class=\"elementor-widget-container\">\n\t\t\t<style>\/*! elementor - v3.6.4 - 13-04-2022 *\/\n.elementor-widget-image{text-align:center}.elementor-widget-image a{display:inline-block}.elementor-widget-image a img[src$=\".svg\"]{width:48px}.elementor-widget-image img{vertical-align:middle;display:inline-block}<\/style>\t\t\t\t\t\t\t\t\t\t\t\t<img loading=\"lazy\" decoding=\"async\" width=\"300\" height=\"258\" src=\"http:\/\/aquasmart.com.pl\/wp-content\/uploads\/2024\/09\/RainMulti-e1726523966242-300x258.png\" class=\"attachment-medium size-medium\" alt=\"\" srcset=\"http:\/\/aquasmart.com.pl\/wp-content\/uploads\/2024\/09\/RainMulti-e1726523966242-300x258.png 300w, http:\/\/aquasmart.com.pl\/wp-content\/uploads\/2024\/09\/RainMulti-e1726523966242.png 699w\" sizes=\"auto, (max-width: 300px) 100vw, 300px\" \/>\t\t\t\t\t\t\t\t\t\t\t\t\t\t\t<\/div>\n\t\t\t\t<\/div>\n\t\t\t\t\t<\/div>\n\t\t<\/div>\n\t\t\t\t<div class=\"elementor-column elementor-col-33 elementor-top-column elementor-element elementor-element-e747a2c\" data-id=\"e747a2c\" data-element_type=\"column\">\n\t\t\t<div class=\"elementor-widget-wrap elementor-element-populated\">\n\t\t\t\t\t\t\t\t<div class=\"elementor-element elementor-element-b1fca64 elementor-widget elementor-widget-image\" data-id=\"b1fca64\" data-element_type=\"widget\" data-widget_type=\"image.default\">\n\t\t\t\t<div class=\"elementor-widget-container\">\n\t\t\t\t\t\t\t\t\t\t\t\t\t\t\t<img loading=\"lazy\" decoding=\"async\" width=\"699\" height=\"599\" src=\"http:\/\/aquasmart.com.pl\/wp-content\/uploads\/2024\/09\/szeroka-e1727683580249.png\" class=\"attachment-large size-large\" alt=\"\" srcset=\"http:\/\/aquasmart.com.pl\/wp-content\/uploads\/2024\/09\/szeroka-e1727683580249.png 699w, http:\/\/aquasmart.com.pl\/wp-content\/uploads\/2024\/09\/szeroka-e1727683580249-300x257.png 300w\" sizes=\"auto, (max-width: 699px) 100vw, 699px\" \/>\t\t\t\t\t\t\t\t\t\t\t\t\t\t\t<\/div>\n\t\t\t\t<\/div>\n\t\t\t\t\t<\/div>\n\t\t<\/div>\n\t\t\t\t<div class=\"elementor-column elementor-col-33 elementor-top-column elementor-element elementor-element-c8904ea\" data-id=\"c8904ea\" data-element_type=\"column\">\n\t\t\t<div class=\"elementor-widget-wrap elementor-element-populated\">\n\t\t\t\t\t\t\t\t<div class=\"elementor-element elementor-element-365601c elementor-widget elementor-widget-image\" data-id=\"365601c\" data-element_type=\"widget\" data-widget_type=\"image.default\">\n\t\t\t\t<div class=\"elementor-widget-container\">\n\t\t\t\t\t\t\t\t\t\t\t\t\t\t\t<img loading=\"lazy\" decoding=\"async\" width=\"843\" height=\"632\" src=\"http:\/\/aquasmart.com.pl\/wp-content\/uploads\/2024\/09\/RainGarden1-1024x768.png\" class=\"attachment-large size-large\" alt=\"\" srcset=\"http:\/\/aquasmart.com.pl\/wp-content\/uploads\/2024\/09\/RainGarden1-1024x768.png 1024w, http:\/\/aquasmart.com.pl\/wp-content\/uploads\/2024\/09\/RainGarden1-768x576.png 768w\" sizes=\"auto, (max-width: 843px) 100vw, 843px\" \/>\t\t\t\t\t\t\t\t\t\t\t\t\t\t\t<\/div>\n\t\t\t\t<\/div>\n\t\t\t\t\t<\/div>\n\t\t<\/div>\n\t\t\t\t\t\t\t<\/div>\n\t\t<\/section>\n\t\t\t\t<section class=\"elementor-section elementor-top-section elementor-element elementor-element-40aec47 elementor-section-boxed elementor-section-height-default elementor-section-height-default\" data-id=\"40aec47\" data-element_type=\"section\">\n\t\t\t\t\t\t<div class=\"elementor-container elementor-column-gap-default\">\n\t\t\t\t\t<div class=\"elementor-column elementor-col-100 elementor-top-column elementor-element elementor-element-2a72592\" data-id=\"2a72592\" data-element_type=\"column\">\n\t\t\t<div class=\"elementor-widget-wrap elementor-element-populated\">\n\t\t\t\t\t\t\t\t<div class=\"elementor-element elementor-element-fdfb6ba elementor-widget elementor-widget-text-editor\" data-id=\"fdfb6ba\" data-element_type=\"widget\" data-widget_type=\"text-editor.default\">\n\t\t\t\t<div class=\"elementor-widget-container\">\n\t\t\t\t\t\t\t\t\t\t\t\t\t<\/div>\n\t\t\t\t<\/div>\n\t\t\t\t<div class=\"elementor-element elementor-element-7b3c89e elementor-widget elementor-widget-heading\" data-id=\"7b3c89e\" data-element_type=\"widget\" data-widget_type=\"heading.default\">\n\t\t\t\t<div class=\"elementor-widget-container\">\n\t\t\t<h2 class=\"elementor-heading-title elementor-size-default\">Korzy\u015bci z wykorzystania wody deszczowej<\/h2>\t\t<\/div>\n\t\t\t\t<\/div>\n\t\t\t\t\t<\/div>\n\t\t<\/div>\n\t\t\t\t\t\t\t<\/div>\n\t\t<\/section>\n\t\t\t\t<section class=\"elementor-section elementor-top-section elementor-element elementor-element-d6ab5e0 elementor-section-boxed elementor-section-height-default elementor-section-height-default\" data-id=\"d6ab5e0\" data-element_type=\"section\">\n\t\t\t\t\t\t<div class=\"elementor-container elementor-column-gap-default\">\n\t\t\t\t\t<div class=\"elementor-column elementor-col-100 elementor-top-column elementor-element elementor-element-bc0ad1f\" data-id=\"bc0ad1f\" data-element_type=\"column\">\n\t\t\t<div class=\"elementor-widget-wrap elementor-element-populated\">\n\t\t\t\t\t\t\t\t<div class=\"elementor-element elementor-element-0ada80f elementor-widget elementor-widget-text-editor\" data-id=\"0ada80f\" data-element_type=\"widget\" data-widget_type=\"text-editor.default\">\n\t\t\t\t<div class=\"elementor-widget-container\">\n\t\t\t\t\t\t\t<ul><li>Ochrona instalacji i urz\u0105dze\u0144 \u00a0<\/li><\/ul><p>\u00a0 \u00a0 \u00a0 \u00a0 \u00a0 mi\u0119kka woda nie powoduje zakamienienia.<\/p><ul><li>W\u0142a\u015bciwo\u015bci prozdrowotne<\/li><\/ul><p>\u00a0 \u00a0 \u00a0 \u00a0 \u00a0 przyjazna dla sk\u00f3ry i w\u0142os\u00f3w, nie wysusza,\u00a0 \u00a0nie powoduje reakcji\u00a0 \u00a0 \u00a0 \u00a0 \u00a0 \u00a0 \u00a0 alergicznych<\/p><ul><li>Ochrona naturalnych zasob\u00f3w<\/li><\/ul><p>\u00a0 \u00a0 \u00a0 \u00a0 \u00a0 \u00a0mniejsze zu\u017cycie wody sieciowej i gruntowej<\/p><ul><li>Mniej detergent\u00f3w<\/li><\/ul><p>\u00a0 \u00a0 \u00a0 \u00a0 \u00a0 korzystaj\u0105c z mi\u0119kkiej wody zu\u017cywa si\u0119\u00a0 mniej \u015brodk\u00f3w czysto\u015bci\u00a0<\/p><ul><li>Ochrona przed susz\u0105<\/li><\/ul><p>\u00a0 \u00a0 \u00a0 \u00a0 \u00a0gromadzenie wody na okresy suszy<\/p><ul><li>Ochrona przed powodziami<\/li><\/ul><p>\u00a0 \u00a0 \u00a0 \u00a0 \u00a0 przechwytywanie deszczu podczas intensywnych opad\u00f3w<\/p><ul><li>Oszcz\u0119dno\u015bci<\/li><\/ul><p>\u00a0 \u00a0 \u00a0 \u00a0 \u00a0 ni\u017csze rachunki za wod\u0119 i energi\u0119 oraz konserwacj\u0119<\/p><p>.<\/p>\t\t\t\t\t\t<\/div>\n\t\t\t\t<\/div>\n\t\t\t\t\t<\/div>\n\t\t<\/div>\n\t\t\t\t\t\t\t<\/div>\n\t\t<\/section>\n\t\t\t\t<section class=\"elementor-section elementor-top-section elementor-element elementor-element-3f864cd elementor-section-boxed elementor-section-height-default elementor-section-height-default\" data-id=\"3f864cd\" data-element_type=\"section\">\n\t\t\t\t\t\t<div class=\"elementor-container elementor-column-gap-default\">\n\t\t\t\t\t<div class=\"elementor-column elementor-col-100 elementor-top-column elementor-element elementor-element-21f076d\" data-id=\"21f076d\" data-element_type=\"column\">\n\t\t\t<div class=\"elementor-widget-wrap elementor-element-populated\">\n\t\t\t\t\t\t\t\t<div class=\"elementor-element elementor-element-5dda45d elementor-widget elementor-widget-text-editor\" data-id=\"5dda45d\" data-element_type=\"widget\" data-widget_type=\"text-editor.default\">\n\t\t\t\t<div class=\"elementor-widget-container\">\n\t\t\t\t\t\t\t\t\t\t\t\t\t<\/div>\n\t\t\t\t<\/div>\n\t\t\t\t\t<\/div>\n\t\t<\/div>\n\t\t\t\t\t\t\t<\/div>\n\t\t<\/section>\n\t\t\t\t\t\t\t<\/div>\n\t\t","protected":false},"excerpt":{"rendered":"<p>Stacje deszczowe IOT Stacje deszczowe IoT to zaawansowane technologicznie urz\u0105dzenia, kt\u00f3re umo\u017cliwiaj\u0105 efektywne zarz\u0105dzanie wod\u0105 deszczow\u0105 poprzez jej uzdatnianie i dystrybucj\u0119 do r\u00f3\u017cnych zastosowa\u0144 domowych&hellip;<\/p>\n","protected":false},"author":1,"featured_media":0,"parent":0,"menu_order":0,"comment_status":"closed","ping_status":"closed","template":"","meta":{"om_disable_all_campaigns":false,"_monsterinsights_skip_tracking":false,"_monsterinsights_sitenote_active":false,"_monsterinsights_sitenote_note":"","_monsterinsights_sitenote_category":0,"_uf_show_specific_survey":0,"_uf_disable_surveys":false,"footnotes":""},"class_list":["post-4541","page","type-page","status-publish","hentry"],"_links":{"self":[{"href":"http:\/\/aquasmart.com.pl\/index.php?rest_route=\/wp\/v2\/pages\/4541","targetHints":{"allow":["GET"]}}],"collection":[{"href":"http:\/\/aquasmart.com.pl\/index.php?rest_route=\/wp\/v2\/pages"}],"about":[{"href":"http:\/\/aquasmart.com.pl\/index.php?rest_route=\/wp\/v2\/types\/page"}],"author":[{"embeddable":true,"href":"http:\/\/aquasmart.com.pl\/index.php?rest_route=\/wp\/v2\/users\/1"}],"replies":[{"embeddable":true,"href":"http:\/\/aquasmart.com.pl\/index.php?rest_route=%2Fwp%2Fv2%2Fcomments&post=4541"}],"version-history":[{"count":44,"href":"http:\/\/aquasmart.com.pl\/index.php?rest_route=\/wp\/v2\/pages\/4541\/revisions"}],"predecessor-version":[{"id":5617,"href":"http:\/\/aquasmart.com.pl\/index.php?rest_route=\/wp\/v2\/pages\/4541\/revisions\/5617"}],"wp:attachment":[{"href":"http:\/\/aquasmart.com.pl\/index.php?rest_route=%2Fwp%2Fv2%2Fmedia&parent=4541"}],"curies":[{"name":"wp","href":"https:\/\/api.w.org\/{rel}","templated":true}]}}